hat is the greatest common divisor of 27 and 93501?
27
Calculate the highest common factor of 3300 and 5200.
100
What is the highest common factor of 194308 and 1240?
124
What is the greatest common divisor of 525 and 355425?
525
Calculate the greatest common divisor of 80142 and 333.
111
What is the highest common factor of 2568 and 10780?
4
Calculate the highest common divisor of 931 and 29735.
19
Calculate the greatest common factor of 4216 and 114824.
248
Calculate the greatest common divisor of 780 and 265560.
60
What is the greatest common divisor of 189 and 1899?
9
What is the greatest common factor of 6440 and 25480?
280
Calculate the greatest common factor of 44 and 12096.
4
Calculate the highest common divisor of 276324 and 12.
12
What is the highest common factor of 81483 and 1038?
519
What is the highest common divisor of 249875 and 200?
25
Calculate the highest common divisor of 4500 and 514875.
375
What is the greatest common divisor of 6832 and 56791?
427
What is the highest common factor of 132984 and 648?
72
Calculate the highest common factor of 10752 and 714.
42
What is the highest common divisor of 14 and 1054802?
14
What is the highest common factor of 1288157 and 26?
13
Calculate the greatest common factor of 147 and 1113.
21
What is the greatest common divisor of 44 and 1069904?
44
Calculate the greatest common divisor of 33872 and 1392.
464
Calculate the highest common divisor of 164416 and 1008.
112
What is the highest common factor of 1000 and 416800?
200
Calculate the greatest common divisor of 1379 and 1687.
7
What is the greatest common factor of 388 and 412?
4
What is the highest common divisor of 42 and 1189923?
21
Calculate the highest common factor of 54365 and 1965.
655
What is the highest common factor of 426791 and 173?
173
What is the highest common factor of 51 and 1923?
3
What is the greatest common divisor of 423 and 162009?
423
Calculate the greatest common divisor of 11795 and 1015.
35
Calculate the greatest common divisor of 1664 and 35264.
64
Calculate the highest common divisor of 1763 and 429885.
41
What is the greatest common factor of 8733 and 10332?
123
Calculate the greatest common factor of 11 and 872322.
11
Calculate the greatest common divisor of 44247 and 387.
129
Calculate the greatest common factor of 130255 and 327.
109
Calculate the highest common divisor of 32940 and 378.
54
Calculate the highest common factor of 30396 and 2980.
596
Calculate the highest common divisor of 2037 and 44232.
291
What is the greatest common factor of 644 and 923496?
644
What is the highest common factor of 720 and 528?
48
Calculate the greatest common divisor of 35 and 95795.
35
What is the greatest common factor of 23378 and 26?
2
Calculate the greatest common divisor of 5451 and 237.
237
Calculate the highest common divisor of 925971 and 2313.
771
Calculate the highest common divisor of 994429 and 317.
317
Calculate the highest common factor of 22746 and 8976.
102
Calculate the highest common factor of 11745 and 1711.
29
Calculate the greatest common divisor of 49038 and 132.
66
What is the highest common divisor of 115 and 98095?
115
What is the highest common divisor of 565 and 780265?
565
Calculate the greatest common divisor of 65903 and 354.
59
What is the highest common factor of 1711 and 1102?
29
Calculate the greatest common factor of 20522 and 124.
62
Calculate the greatest common factor of 1012 and 54004.
92
Calculate the greatest common divisor of 286 and 8558.
22
Calculate the highest common factor of 2848325 and 25.
25
What is the greatest common divisor of 271320 and 15?
15
Calculate the greatest common divisor of 156 and 13598.
26
Calculate the highest common factor of 54 and 56997.
27
Calculate the greatest common factor of 2313 and 270.
9
What is the greatest common factor of 7840 and 680?
40
What is the highest common divisor of 234635 and 91015?
835
What is the greatest common divisor of 707904 and 1728?
576
What is the highest common divisor of 9430 and 7360?
230
Calculate the greatest common factor of 345832 and 7775.
311
What is the highest common factor of 3934 and 1260004?
562
Calculate the highest common divisor of 294525 and 143.
11
Calculate the highest common divisor of 21036 and 4164.
12
Calculate the highest common factor of 64873 and 1145344.
2237
Calculate the highest common divisor of 7917 and 1044.
87
What is the greatest common factor of 1801 and 3?
1
Calculate the greatest common factor of 1420 and 1183570.
710
What is the highest common divisor of 7 and 104113?
1
What is the highest common divisor of 32 and 2905184?
32
What is the highest common factor of 131596 and 1837?
167
Calculate the highest common divisor of 32098 and 242.
22
What is the greatest common divisor of 13811 and 7?
7
Calculate the greatest common divisor of 383 and 8.
1
Calculate the greatest common factor of 440 and 7700.
220
What is the greatest common divisor of 168 and 153496?
56
What is the highest common factor of 16640 and 52?
52
Calculate the greatest common factor of 40300 and 156.
52
What is the greatest common factor of 189925 and 17120?
535
Calculate the greatest common divisor of 1310 and 42710.
10
What is the greatest common divisor of 50424 and 8184?
264
Calculate the greatest common divisor of 570 and 8455.
95
What is the greatest common divisor of 97378 and 68418?
362
What is the greatest common factor of 120 and 723?
3
Calculate the greatest common factor of 39835 and 771.
257
Calculate the greatest common factor of 11760 and 227136.
336
Calculate the greatest common factor of 720 and 119484.
36
What is the highest common factor of 17920 and 45640?
280
What is the greatest common divisor of 54448 and 492?
164
Calculate the greatest common factor of 109080 and 24840.
1080
Calculate the highest common factor of 42605 and 415.
5
What is the highest common factor of 8903172 and 646?
646
Calculate the greatest common factor of 1296 and 13203.
81
What is the highest common divisor of 323 and 7809?
19
What is the greatest common factor of 69618 and 123?
123
What is the highest common divisor of 80 and 13072?
16
Calculate the highest common factor of 3936 and 672.
96
Calculate the highest common divisor of 114696 and 567.
81
Calculate the highest common factor of 194 and 5272144.
194
Calculate the highest common divisor of 41655 and 75.
15
Calculate the highest common divisor of 76 and 722.
38
Calculate the highest common divisor of 136488 and 66.
66
Calculate the greatest common factor of 3740 and 6215.
55
What is the greatest common divisor of 168678 and 18?
18
Calculate the greatest common divisor of 170720 and 15908.
388
What is the highest common divisor of 324 and 161532?
36
Calculate the greatest common factor of 1254 and 57893.
209
What is the highest common factor of 58 and 35699?
29
Calculate the highest common divisor of 37932 and 552.
12
What is the highest common factor of 72 and 463338?
18
What is the highest common factor of 54612 and 111?
111
Calculate the greatest common factor of 5820 and 801705.
1455
Calculate the highest common divisor of 497 and 737051.
497
What is the highest common divisor of 1258826 and 2110?
422
What is the highest common divisor of 1422 and 1106?
158
Calculate the greatest common factor of 2409 and 285.
3
Calculate the highest common divisor of 299 and 103753.
299
What is the greatest common divisor of 79190 and 330?
10
What is the highest common factor of 149960 and 1150?
230
What is the greatest common factor of 197162 and 28?
14
Calculate the greatest common factor of 99307 and 39.
13
What is the greatest common factor of 83448 and 7866?
342
What is the highest common divisor of 302 and 58739?
151
What is the greatest common factor of 161382 and 78?
78
Calculate the greatest common factor of 542 and 11236202.
542
Calculate the highest common factor of 2175 and 442395.
435
Calculate the greatest common divisor of 66 and 65318.
22
Calculate the highest common factor of 14763 and 71421.
399
Calculate the highest common divisor of 184 and 961676.
92
Calculate the greatest common factor of 75 and 37725.
75
Calculate the greatest common factor of 180775 and 70.
35
Calculate the highest common factor of 7923 and 399.
57
What is the highest common 